 6 - (-22 - (7 + -22)).
-8
What is the value of -5 + -1 - (9 + (8 - (21 + 8)))?
6
25 - (13 - (5 + -14))
3
Calculate (38 + -26 - 17) + -2 + 2 + 1.
-4
Calculate -1 - (2 + (-2 - (5 + 2))).
6
(-11 + 15 - 17) + 8
-5
0 - -11 - (89 + (-72 - -17))
-23
Calculate -1 + (-4 - -6 - (4 + 3)) + 20.
14
What is (-9 - -20) + 0 + -26 + -3?
-18
-8 - (1 + 5 - (26 - -2))
14
Calculate 15 + (10 - (-4 - -78) - -14).
-35
What is the value of -13 - (-13 - -9) - (-16 + 11)?
-4
Calculate 5 + (4 + -10 - -8) - (6 - -24).
-23
What is (-18 + 18 - -32) + -19?
13
What is -8 + 2 + 8 + -6 + (8 - 4)?
0
-9 + 10 + 9 - (4 - -2) - 2
2
What is -8 + (5 - (-3 - (2 + (1 - 5))))?
-2
Evaluate 4 + 1 + -21 + (2 - -3).
-11
Calculate 10 + -19 + (-3 - -18).
6
What is -5 - -6 - (15 - 5) - (-1 - 31)?
23
What is 3 - (20 - (3 - (13 + -19)))?
-8
Calculate (110 - 113) + 6 + -13.
-10
Calculate -4 + (66 + -13 - 31).
18
Evaluate (-3 + 19 - (-2 - -6)) + -1.
11
What is 7 + -11 - ((-2 - 25 - -4) + 6)?
13
Evaluate -2 + (-12 + 8 + (-3 - -3) - -4).
-2
Evaluate -7 + 0 + (0 - (6 + -3) - -4).
-6
Calculate 14 - (2 + -5 + 0 + 5 + 3).
9
Calculate -1 + -3 + -8 + (8 - (10 + -7)).
-7
What is the value of -9 + -9 + (2 - (7 + -8))?
-15
What is 1 + -9 + 147 + -142?
-3
(1 - (0 + -30)) + (2874 - 2882)
23
What is 2 - -5 - (-31 + 26)?
12
Evaluate 26 + -24 + -27 + 44.
19
Calculate 9 + (-13 - -19 - 19) + 16.
12
Evaluate -13 + (3 + (-3 - -6) - (0 - -2)).
-9
Calculate (1 - 23) + (-11 - (-17 - (-8 - -10))).
-14
-2 + 6 + 3 + (6 - 13) + 13
13
Calculate 3 + 1 + 4 + -3 + 12 + -34.
-17
11 - (6 + -5) - (0 + 2)
8
-4 + 17 + 1 + -4 + 17
27
Calculate 0 + 30 - ((24 - (20 + 21)) + 23).
24
-6 + -10 + (37 - 19)
2
Calculate 7 + 50 + -30 - (-3 + 8 + -2).
24
What is (8 - ((-14 - -11) + 8)) + 2?
5
What is the value of -27 + 21 + 8 + 2 - 7?
-3
What is (-17 - 6) + 27 + 0 + -14?
-10
(-122 - -125) + (-2 - -1 - 27)
-25
Evaluate (-6 - (-60 - -32)) + -5.
17
Evaluate -6 + (6 - (-13 + 4 + -4 + 2)).
11
(-159 - -158 - (8 - (0 - 1))) + 22
12
What is 8 + -1 + -36 + 47?
18
-3 + 16 + -43 + (-45 - -94)
19
What is -19 + (11 - 0 - -2) + 4 + 2?
0
What is the value of (-1 - -4 - (4 - -13)) + 6?
-8
What is 1 - -17 - (-23 + -41 + 51)?
31
Evaluate (4 - 0 - (-6 + -5)) + (9 - 6).
18
What is the value of 0 + 5 - (368 + -367)?
4
What is -36 + 18 - ((-2 - -12) + 1)?
-29
What is 2 - (-29 - -36 - 15)?
10
Evaluate -11 + (0 - (-23 - -21)).
-9
Calculate 4 + (-1 - (11 - -1)).
-9
Evaluate -9 - (12 + (33 - 49)).
-5
Evaluate -40 + 59 + (2 - 10) - -2.
13
What is 0 + -12 - (-14 - (29 + -35))?
-4
(45 - 39) + -9 - (9 + 1)
-13
What is the value of 30 + 1 + -31 + (0 - 25) + 4?
-21
What is -2 + -2 + 79 + -71 + (2 - 13)?
-7
What is (-159 + 156 - (0 - 22)) + -15?
4
What is (-10 - (-32 - (-12 + -3))) + -8?
-1
(7 - -5 - 19) + (-13 - 4)
-24
What is the value of -36 + -30 + (19 - -29)?
-18
What is -2 - 0 - (6 - (0 - 3))?
-11
What is 21 + -38 + (-2 - -7)?
-12
Calculate -16 + (6 + -4 - -6).
-8
What is 11 - 2 - (-4 + 35 + 5 + -13)?
-14
Calculate 1 + 21 + (-17 - 0 - -18) + -5.
18
Evaluate 21 + (10 - (7 - -6)).
18
What is 1 + -4 + (-5 - (-6 - 3))?
1
Evaluate 3 - (5 + 3 + 6 + 2 + -23).
10
What is the value of (-8 - (1 + -4)) + (-8 - -12)?
-1
Calculate (-12 - -18) + (-21 - 2).
-17
What is the value of (28 - (-5 + 17) - 6) + -13?
-3
What is -8 - (-8 - -11 - ((2 - -15) + -7))?
-1
Evaluate -26 + (16 + -25 - -54).
19
What is the value of (9 - 5) + (8 - (9 + 14)) - -1?
-10
Calculate (397 - 429) + -1 + 3 - -14.
-16
Calculate 20 - (0 - (4 + -2) - (11 - 17)).
16
Evaluate -3 + (0 - 3) - (1 + -6 + 10).
-11
11 - 0 - (-238 - -251)
-2
(16 - 7 - 8) + -1 + -2 + -8
-10
Evaluate -9 + (14 - (18 - 12)).
-1
What is the value of 9 + (-22 - (-21 - -20))?
-12
What is -3 - (-36 - (8 + (6 - 5)) - -11)?
31
What is 487 + -494 - ((2 - 0) + -15)?
6
6 - (-10 - -8) - 24
-16
What is the value of -4 + (-16 - -4 - -7)?
-9
-1 + -4 + 2 - (-7 - -5 - 2)
1
-20 - (-3 + (7 - 12))
-12
17 + 0 + -12 + (-6 - 1) - -28
26
What is the value of -65 - -46 - (-3 - 0)?
-16
What is 4 + 0 - (5 + 0 + 3)?
-4
Evaluate (-18 - (1 - 24)) + 0 + -2.
3
-2 - (-35 + 25 - (-2 + -7))
-1
What is the value of 12 - (-13 + 7 - -20)?
-2
Calculate -1 + 2 - (-8 + (11 - 3)).
1
Calculate 1 + -28 - (-239 + 222).
-10
What is -21 - (9 + -49 + 16)?
3
13 + 3 + (-9 + 14 - (0 - -7))
14
What is -9 + (7 + (2 - 15) - -3)?
-12
What is 8 - (8 - (-2 - 6)) - 3?
-11
Evaluate (-12 - 5) + 4 + 54 + -55.
-14
What is the value of -11 - (3 + (-14 - -18))?
-18
Evaluate -6 - (1 + -37 + 15).
15
What is the value of 51 - 20 - 7 - (-3 - -1)?
26
What is the value of -6 + (9 + 1 - (208 + -196))?
-8
Calculate -26 - (-40 + 18) - (-7 - 0).
3
What is the value of (26 - 25) + (-2 - 3 - 3 - -1)?
-6
-3 + (-8 - (17 - 6)) - -12
-10
Calculate -6 - (8 - (-10 - -17)) - -3.
-4
34 + 10 + -35 + 6 + -3
12
Calculate -24 + 2 + (-1 - (-5 - (-9 - -11))).
-16
What is the value of 6 + (0 - 0) - (1567 - 1559)?
-2
What is -19 - (-51 - -22) - -11?
21
Calculate 13 + -16 + 12 + 6 + 4.
19
What is the value of -8 - (4 - (32 - 8))?
12
What is -30 + (23 - 30) + 10 + -1?
-28
Evaluate -15 + 5 + 0 + (15 - (-1 - 10)).
16
What is 3536 - 3537 - (0 - (-1 - -1 - 0))?
-1
What is the value of -11 + (18 - 22) + 8?
-7
Calculate -10 - (-16 + -10) - 6.
10
What is -11 + 12 - (-4 + 4) - -3 - 9?
-5
Calculate -22 + (24 + -21 - -16).
-3
Calculate 1 - (-6 - (-2 + -7)) - (-6 + -1).
5
Calculate -13 - (-48 + 41 - (-1 - 4)) - 4.
-15
Calculate -6 - (-6 - 14 - -7).
7
What is -1 - ((1 - (-4 - -5)) + 3)?
-4
What is the value of 4 + -3 + -4 + 6 - (245 - 255)?
13
Calculate 1 - (-15 - (13 + -24)).
5
What is 5 + -11 + -3 + -8?
-17
What is the value of -15 + 5 - (-20 - -26) - -10?
-6
What is the value of 0 + 0 + -1 - (-16 + -38 - -35)?
18
What is the value of 6 + (21 - 29 - -23)?
21
What is -22 + (-5 - (8 + -26))?
-9
Evaluate -6 + (6 - ((1 - (-5 - -9)) + -2)).
5
Calculate -4 + (11 + -7 - 6 - (6 - 2)).
-10
Evaluate (-2 - 23) + -1 + -19 + 31.
-14
What is -7 + (-1 - 12) + 8?
-12
What is the value of (-5 + 14 - -53) + -22 - (7 - 1)?
34
What is the value of 2 + 14 - (-6 - -9) - (11 + -13)?
15
(-50 - -29 - -4) + -1
-18
What is the value of 8 + -14 + 23 + -4 + -5?
8
(-2 - (0 - -21)) + -63 + (-28 - -90)
-24
What is (28 - (-8 + 28)) + -3 + -3 + 7?
9
Calculate 0 + (21 - 5) - (8 - (-17 + 33)).
24
Calculate 0 - -5 - (1 + 6 + -10 + 1).
7
What is the value of (11 - (25 - 11)) + -1 + -2?
-6
Calculate 20 + 1 + -102 + 93.
12
Evaluate -23 - (-15 + -8) - (13 + 1) - 2.
-16
Evaluate (-29 - 2) + (-378 - -405).
-4
What is the value of (-19 + (39 - 16) - (-34 - 3)) + -2?
39
What is the value of -6 - (9 + 4 - 33) - 14?
0
What is the value of -5 + -3 + -2 + 6 + -11 + 19?
4
What is 2 + (12 - (3 - -11)) + 2 + -2?
0
Evaluate (147 - 103) + -35 + 1.
10
Evaluate 14 - (-45 - -14) - (1 + 13).
31
What is the value of (-53 - (-12 + -7)) + 23?
-11
Evaluate -6 - 2 - (1 - 3 - 0).
-6
What is (-2 - -2) + -3 - ((-14 - 5) + 8)?
8
(-15 - -24) + (-2 - 1) - 4
2
Evaluate 202 + -225 + (7 - -1).
-15
What is (18 - 24 - -16) + 12?
22
8 - 18 - 1 - (-40 - -32)
-3
What is the value of (-42 - -1) + (13 + -38 - -36) - -1?
-29
What is the value of (-26 - -68 - 9) + -32?
1
What is 5 + -1 - (-29 - (-6 - 15))?
12
What is the value of -19 + -4 + 20 + (0 - -15)?
12
Calculate (-5 - 9) + 39 + -11.
14
Evaluate (-1 - (1 + 1) - -3) + (16 - 19).
-3
Calculate (-28 - -3) + 11 + -13 + (-5 - -12).
-20
44 - (-37 + 22 - -91)
-32
-2 + -7 + 0 + -14 + 9
-14
What is the value of -2 + (14 + (-4 - 7) - -8) + -3?
6
What is the value of -295 + 290 + -1 + -12?
-18
Calculate -3147 + 3126 - (-2 + 1 - 0 - 3).
-17
Calculate 2 + (43 + -22 - -17).
40
Evaluate 21 + (1 - (1 - (5 - (17 + -8)))).
17
Calculate (0 - -1) + (-52 + 2 - -27) + 16.
-6
What is -3 - (18 + (-2 - 21))?
2
Calculate 6 + (-26 - (13 - 35)).
2
(7 - (6 - (-12 - -4))) + (-3 - -12)
2
Calculate -1 + -1 + -6 + 493 + -475 - 3.
7
Evaluate -3 + (22 - 3) + 44 + -26.
34
(48 - 12) + (-5 - 5 - -2) - 6
22
Evaluate 106 + -105 - (5 + -1).
-3
What is the value of 5 + 0 + -10 + -7 + 7?
-5
What is the value of -42 + 68 - (10 - (2 - -3))?
21
What is the value of (0 - -2 - 21) + 28 + -7 + -18?
-16
(-16 - (-3 - (-2 - (-8 + 4)))) + 2
-9
Evaluate 1 + (8 - 4) + -5 + (-24 - -18).
-6
1 - 14 - (17 + -14 + -6)
-10
-5 - (6 - 9) - -3
1
What is the value of (-32 - (-24 + (-2 - -3))) + (6 - 0)?
-3
What is the value of 